
Let u = -84 - -86. Suppose -3*d - 5*n = -1000, -3*n + 330 = d + u*n. What is the hundreds digit of d?
3
Let u(i) = 157*i**3 - 2*i**2 - 11*i - 8. What is the tens digit of u(4)?
6
Let w(r) = -169*r + 70. Let n = 612 + -622. What is the thousands digit of w(n)?
1
Let z = -385 + 391. Suppose -3*s = -2*l + 1310, 666 = l - z*s + 10*s. What is the units digit of l?
8
Let h = -2434 + 1272. Let p = -627 - h. What is the tens digit of p?
3
Suppose -5*t + 94 = 24. Suppose t*y - 9*y = -10, 4*y + 1637 = 3*o. What is the tens digit of o?
4
Suppose 2*d = -b + 3*d + 17, 0 = -4*b - d + 43. Suppose -15*o + b*o + 609 = 0. Let x = o + -149. What is the units digit of x?
4
Let m(z) = -382*z - 16. Let j be m(4). Let p be (1/(-2))/(0 - (-4)/j). Suppose -4*s = -139 - p. What is the tens digit of s?
8
Let k(x) = 63*x**2 - 3*x - 4. Let r be k(7). Suppose 14*f - 2034 = r. What is the tens digit of f?
6
Let d(l) = 1829*l - 49. What is the ten thousands digit of d(6)?
1
Suppose -4*m = z - 3830, 2*m + 22876 = 59*z - 53*z. What is the hundreds digit of z?
8
Suppose 270*m = 291*m - 356505 - 344475. What is the tens digit of m?
8
Let l(q) = -q - 4. Let z be l(-13). Let x be ((-15)/1)/(z/(-6)). Let c = 34 - x. What is the tens digit of c?
2
Suppose 15 = -3*o, d + 144*o - 149*o = 29674. What is the tens digit of d?
4
Suppose -107*a = -2*a - 272607 - 592908. What is the units digit of a?
3
Let j = -2350 - -17743. What is the tens digit of j?
9
Let n(s) = 10*s**2 - s - 2. Let o be n(-1). Suppose o*b = 4*b + 20. Suppose -b*z - 3*q + 183 = 2, -2*z + q + 83 = 0. What is the units digit of z?
3
Suppose -1582 = -k + 4*t + 1750, -4*k - t + 13226 = 0. What is the hundreds digit of k?
3
Suppose -2*s + 20 = -9*w + 13*w, 5*w - 22 = -s. Suppose -f - 3*f = s*i - 516, 2*i + 3*f = 521. What is the units digit of i?
8
Let p = -1717 + 2631. What is the hundreds digit of p?
9
Suppose 23*j - 200661 = 18*j + 2*a, 120391 = 3*j - 4*a. What is the units digit of j?
3
Let j be (22/33)/(2/240*4). Suppose -j*h - 7608 = -28*h. What is the tens digit of h?
5
Suppose 57*f - 9*f = 96. Suppose q - 575 = -4*s, 2*q + 39 - 1239 = f*s. What is the units digit of q?
5
Let a = 118034 + -84099. What is the thousands digit of a?
3
Let j = 44029 + -9575. What is the units digit of j?
4
Suppose -43*w = -37368 - 23090. What is the tens digit of w?
0
Let z be 1/((-6)/(-12)*6/9). Suppose -o - z*t + 4*t = -543, -t - 1087 = -2*o. What is the units digit of o?
4
Let p(s) be the third derivative of -s**6/24 - s**5/30 + s**4/24 + 19*s**2. Let b = -202 + 200. What is the units digit of p(b)?
0
Let o be (51/(-6))/(3/(-6)). Suppose o*q = 13*q - 1116. What is the tens digit of q/(-4) - 12/(-48)?
7
Suppose -2 = 6*x + 10. What is the hundreds digit of -4*x/(4/258)?
5
Suppose 10*o + 1120 = -4*l + 7*o, 3*l - 5*o + 811 = 0. Let b = -97 - l. What is the tens digit of b?
8
Let o be 3560/12*(-2)/10*-6. Let x = 512 - o. What is the tens digit of x?
5
Let s = 39178 + 3072. What is the tens digit of s?
5
Let o be 30 - -2*(-1)/2. Let h(b) = b**3 - 24*b**2 + 37*b + 151. Let l be h(22). Let a = l + o. What is the units digit of a?
6
Suppose -10*w + 4*h - 32186 = -16*w, -w - h + 5365 = 0. What is the thousands digit of w?
5
Let q(t) = t**2 - 11*t + 42. Let g be q(12). What is the units digit of g + 16/(-56)*(0 + -7)?
6
What is the units digit of (-7790024)/(-132) - (-40)/(-12)?
2
Let f = 17482 + -9994. What is the thousands digit of f?
7
Let q(y) = -2*y**3 - y**2 + 3*y + 7775. What is the thousands digit of q(0)?
7
What is the units digit of ((-3564)/330)/((-2)/7 - 80312/(-281680))?
8
Suppose 4217 = -12*g + 413. Let o = g + 508. What is the tens digit of o?
9
Suppose -5*c + 4*y + 8 = 0, 4*c - 5*y = 9*c - 35. Suppose -3*j + 4*j = 2*h - 168, 8 = -c*j. What is the tens digit of h?
8
Suppose -22*q = 130 - 218. Suppose -2180 = -q*v + 4*s, -3*s + 158 + 942 = 2*v. What is the units digit of v?
7
Let q(r) = -3*r**3 + 3*r**2 + r + 256. What is the thousands digit of q(-10)?
3
Let l(q) be the second derivative of -q**3/3 + 27*q**2/2 + 15*q. Let b be l(12). Suppose 6*v - v - 70 = -t, b*t + 2*v = 158. What is the tens digit of t?
5
Let r be 8/168*119283 - 3/21. Suppose 0 = -4*f + 2*d + r, -2*d + 16 = 2*d. What is the thousands digit of f?
1
Let s = 24542 - 14550. What is the units digit of s?
2
Let m(u) = u**3 + 4*u**2 - 12*u + 7. Let z be m(3). Suppose -2*s - d + 323 = 0, -z*s + 2*d + 159 = -33*s. What is the tens digit of s?
6
Suppose 2 = -4*l - 18. Let d be 4 - (10/l + 2). What is the units digit of 51 - ((-5)/1 + d)?
2
What is the tens digit of (-63 - -71) + ((-182)/(-6))/(2/588)?
2
Suppose 356*d = 340*d + 12704. Let h = 798 + d. What is the units digit of h?
2
Suppose 472 = 15*w - 13*w. What is the hundreds digit of w/7*(1 - 20/(-8))?
1
Let v(u) be the third derivative of u**5/20 + u**4/6 + 79*u**3/6 + 250*u**2. What is the tens digit of v(-16)?
8
Let g be 3 - (-2 + 11) - -3. Let x = -77 + 78. What is the tens digit of (x - -29)*(-21)/g?
1
Let m be (174/4)/((-69)/(-92)). Suppose -5*t + 2*f + m = -t, -4*f = t - 10. Suppose 4*i + 2390 = t*i. What is the tens digit of i?
3
Suppose -122*t = -412454 - 1756462. What is the hundreds digit of t?
7
Suppose 2 = 2*w - 2*k, 5*w + 0 = -3*k - 3. Let z(b) = 5*b + 1. Let q be z(w). Suppose 3*m + 3*s = 4*m + q, 3 = 3*s. What is the units digit of m?
2
Let j = 230 - 200. Suppose j = 13*c + 4. What is the units digit of c?
2
Let q(r) = -r**3. Let p be 8/1 - (-12)/(-3). Let n(x) = 7*x**3 - x**2 - x + 4. Let j(v) = p*q(v) + n(v). What is the tens digit of j(2)?
2
Let y(f) = -472*f + 8. Let h be y(-7). Let b = -2179 + h. What is the thousands digit of b?
1
Suppose -1600 = 19*v - 346. Let u = v + 725. What is the hundreds digit of u?
6
Let b = -29 - -40. Suppose 9*v + 240 = b*v. Suppose f - 57 = -m, -4*m + v = 2*f + 12. What is the units digit of f?
0
Let m(j) = 46*j**2 + 13*j - 371. What is the thousands digit of m(-29)?
7
What is the hundreds digit of (-4 - -2)/(78/(-120120))?
0
Let k = 6311 + 27012. What is the ten thousands digit of k?
3
Let h = 8340 - 7462. What is the hundreds digit of h?
8
Let f be (-4 - 38/(-10)) + 52044/20. What is the hundreds digit of 3 + 1/2*f?
3
Let m = 2759 - 31. What is the units digit of m?
8
Let s(r) be the third derivative of r**5/60 - 31*r**4/24 + 43*r**3/2 + 181*r**2. What is the units digit of s(0)?
9
Suppose -3*j + j = -4*c + 50710, -5*c - j = -63370. Suppose -335*z + 322*z = -c. What is the tens digit of z?
7
Let o(t) = 528*t + 204. What is the ten thousands digit of o(59)?
3
What is the hundreds digit of (-2030)/(-8)*((-736)/(-32) - 11)?
0
Let n(i) = -16*i - 19. Let j be n(-4). Suppose j*y = 18*y + 7776. What is the tens digit of y?
8
Let q(v) = -v**3 - 52*v**2 + 93*v + 327. What is the units digit of q(-55)?
7
Let h = -58 + 57. What is the tens digit of 1433/9 - (56/(-72) - h)?
5
Let n be 17/(3/(-2)*(-3)/(-27)). Let t = n + 220. What is the units digit of t/(-5)*(-1)/((-4)/(-10))?
9
Suppose 12*c - 71 = -23. Suppose 4*y = w - 94, -c*y = -3*w - 2*y + 312. What is the units digit of w?
6
Suppose 27323 = 3*v - 5*t, -2*v + 18257 = 17*t - 12*t. What is the hundreds digit of v?
1
Suppose 0*g + 4 = 4*y + 2*g, 5 = -y - 2*g. Suppose -2*f + 12 = 2*j - 0, y*j - f = 14. Suppose -2*o + j*o - 471 = 0. What is the tens digit of o?
5
Let l = 284 - 262. Suppose 52*j - l*j - 10410 = 0. What is the units digit of j?
7
Let t = 36 + -31. Suppose -3*p + 4*p + 654 = k, t*p + 5*k = -3270. What is the units digit of (p/(-15))/(14/35)?
9
Let o(s) = 17*s**2 - 6*s + 191. What is the tens digit of o(17)?
0
Suppose 4*z + 11*c = 8*c + 605, 0 = -10*z - 5*c + 1525. What is the hundreds digit of z?
1
Let j(q) = 3*q**2 - 90*q + 38. Let l be 6/(-240)*-8 + (-507)/(-15). What is the hundreds digit of j(l)?
4
Suppose 11*l = 7*l + 68. Suppose 208 = l*v - 13*v. Let a = v - 42. What is the units digit of a?
0
Suppose 5*g = 5*c + 6475, 5*c = 3*g + g - 5183. Suppose -4*o - g = 5*f, 0 - 4 = -f. What is the tens digit of (-4)/6 - o/6?
5
Suppose -30*r + 7*r = -6051 + 1865. What is the tens digit of r?
8
What is the thousands digit of 19707 + (4 - ((-171)/(-33) + 8/(-44)))?
9
Let k be (1 - 3) + (-20 - -22). Suppose 3*w - h - 2297 = k, -2*h = 6*w - 2*w - 3076. What is the hundreds digit of w?
7
Let r be 0/(-1) - -1 - (12 + -2